{"id":5906,"date":"2020-10-05T15:28:26","date_gmt":"2020-10-05T15:28:26","guid":{"rendered":"http:\/\/seguridadcorinsa.com\/?page_id=5906"},"modified":"2020-10-05T15:28:26","modified_gmt":"2020-10-05T15:28:26","slug":"nuestra-organizacion","status":"publish","type":"page","link":"http:\/\/seguridadcorinsa.com\/index.php\/nuestra-organizacion\/","title":{"rendered":"Nuestra  Organizaci\u00f3n"},"content":{"rendered":"<p>[vc_row][vc_column][vc_column_text]Desde su creaci\u00f3n el 11 de octubre de 1.985 hemos basado nuestro desarrollo en la capacitaci\u00f3n y crecimiento de nuestro recurso m\u00e1s preciado, el humano.<\/p>\n<p>Con capital 100% colombiano y nuestro compromiso social para con el pa\u00eds, se ha creado una visi\u00f3n de crecimiento integral no solo de la organizaci\u00f3n sino tambi\u00e9n del recurso humano, en aras de este crecimiento el \u00e1rea de gesti\u00f3n humana siempre ha sido un apoyo para el crecimiento t\u00e9cnico-profesional, personal y econ\u00f3mico de nuestros trabajadores.<\/p>\n<p>En la actualidad la seguridad no depende solamente de personas y sus actividades; debe ir acompa\u00f1ada de recursos tecnol\u00f3gicos y de infraestructura que acompa\u00f1en y fortalezcan las labores de control y seguridad; conscientes de ello, permanente modernizamos estos equipos, as\u00ed como adquirimos las m\u00e1s modernas tecnolog\u00edas que acompa\u00f1en nuestra visi\u00f3n de seguridad.[\/vc_column_text][\/vc_column][\/vc_row]<\/p>\n","protected":false},"excerpt":{"rendered":"<p>[vc_row][vc_column][vc_column_text]Desde su creaci\u00f3n el 11 de octubre de 1.985 hemos basado nuestro desarrollo en la capacitaci\u00f3n y crecimiento de nuestro recurso m\u00e1s preciado, el humano. Con capital 100% colombiano y nuestro compromiso social para con el pa\u00eds, se ha creado una visi\u00f3n de crecimiento integral no solo de la organizaci\u00f3n sino tambi\u00e9n del recurso humano, [&hellip;]<\/p>\n","protected":false},"author":1,"featured_media":0,"parent":0,"menu_order":0,"comment_status":"closed","ping_status":"closed","template":"","meta":{"om_disable_all_campaigns":false,"_monsterinsights_skip_tracking":false,"_monsterinsights_sitenote_active":false,"_monsterinsights_sitenote_note":"","_monsterinsights_sitenote_category":0},"_links":{"self":[{"href":"http:\/\/seguridadcorinsa.com\/index.php\/wp-json\/wp\/v2\/pages\/5906"}],"collection":[{"href":"http:\/\/seguridadcorinsa.com\/index.php\/wp-json\/wp\/v2\/pages"}],"about":[{"href":"http:\/\/seguridadcorinsa.com\/index.php\/wp-json\/wp\/v2\/types\/page"}],"author":[{"embeddable":true,"href":"http:\/\/seguridadcorinsa.com\/index.php\/wp-json\/wp\/v2\/users\/1"}],"replies":[{"embeddable":true,"href":"http:\/\/seguridadcorinsa.com\/index.php\/wp-json\/wp\/v2\/comments?post=5906"}],"version-history":[{"count":0,"href":"http:\/\/seguridadcorinsa.com\/index.php\/wp-json\/wp\/v2\/pages\/5906\/revisions"}],"wp:attachment":[{"href":"http:\/\/seguridadcorinsa.com\/index.php\/wp-json\/wp\/v2\/media?parent=5906"}],"curies":[{"name":"wp","href":"https:\/\/api.w.org\/{rel}","templated":true}]}}