{"id":5949,"date":"2020-10-05T19:27:54","date_gmt":"2020-10-05T19:27:54","guid":{"rendered":"http:\/\/seguridadcorinsa.com\/?page_id=5949"},"modified":"2020-10-05T19:27:54","modified_gmt":"2020-10-05T19:27:54","slug":"sistema-de-gestion","status":"publish","type":"page","link":"http:\/\/seguridadcorinsa.com\/index.php\/sistema-de-gestion\/","title":{"rendered":"SISTEMA DE GESTI\u00d3N"},"content":{"rendered":"<p>[vc_row][vc_column][vc_column_text]Uno de nuestros principales motores en la b\u00fasqueda de la excelencia es sin lugar a dudas la satisfacci\u00f3n del cliente, todas las actividades est\u00e1n encaminadas a llenar las expectativas y necesidades de seguridad de ustedes los clientes, como prueba de esto nuestro sistema de Gesti\u00f3n de la Calidad se encuentra certificado desde el a\u00f1o 2007 por la mas prestigiosa entidad de normas t\u00e9cnicas de nuestro pa\u00eds el Icontec.<br \/>\nComo metas a corto plazo buscamos que nuestros sistemas de gesti\u00f3n en, Control y Seguridad, y Salud Ocupacional sean certificados.<br \/>\nIgualmente, conscientes de nuestra responsabilidad social con el pa\u00eds estamos atentos al desarrollo e implementaci\u00f3n en Colombia de la norma ISO 26000 centrado en ofrecer lineamientos para trabajar la Responsabilidad Social Organizacional.[\/vc_column_text][\/vc_column][\/vc_row]<\/p>\n","protected":false},"excerpt":{"rendered":"<p>[vc_row][vc_column][vc_column_text]Uno de nuestros principales motores en la b\u00fasqueda de la excelencia es sin lugar a dudas la satisfacci\u00f3n del cliente, todas las actividades est\u00e1n encaminadas a llenar las expectativas y necesidades de seguridad de ustedes los clientes, como prueba de esto nuestro sistema de Gesti\u00f3n de la Calidad se encuentra certificado desde el a\u00f1o 2007 [&hellip;]<\/p>\n","protected":false},"author":1,"featured_media":0,"parent":0,"menu_order":0,"comment_status":"closed","ping_status":"closed","template":"","meta":{"om_disable_all_campaigns":false,"_monsterinsights_skip_tracking":false,"_monsterinsights_sitenote_active":false,"_monsterinsights_sitenote_note":"","_monsterinsights_sitenote_category":0},"_links":{"self":[{"href":"http:\/\/seguridadcorinsa.com\/index.php\/wp-json\/wp\/v2\/pages\/5949"}],"collection":[{"href":"http:\/\/seguridadcorinsa.com\/index.php\/wp-json\/wp\/v2\/pages"}],"about":[{"href":"http:\/\/seguridadcorinsa.com\/index.php\/wp-json\/wp\/v2\/types\/page"}],"author":[{"embeddable":true,"href":"http:\/\/seguridadcorinsa.com\/index.php\/wp-json\/wp\/v2\/users\/1"}],"replies":[{"embeddable":true,"href":"http:\/\/seguridadcorinsa.com\/index.php\/wp-json\/wp\/v2\/comments?post=5949"}],"version-history":[{"count":0,"href":"http:\/\/seguridadcorinsa.com\/index.php\/wp-json\/wp\/v2\/pages\/5949\/revisions"}],"wp:attachment":[{"href":"http:\/\/seguridadcorinsa.com\/index.php\/wp-json\/wp\/v2\/media?parent=5949"}],"curies":[{"name":"wp","href":"https:\/\/api.w.org\/{rel}","templated":true}]}}